t is the value of -20 - ((95 - 102) + (1 - -9))?
-23
Evaluate (-1 - (-3 + -16 + 4)) + -7 + -19.
-12
(-1109 - -1094) + (-8 - -1)
-22
Calculate -3 + (-17 - -4) + 6.
-10
Calculate (-13 - (43 - 83)) + (-11 - (-2 - -1)).
17
(1 - -41) + (-301 - -279)
20
Calculate (-12 - -12) + -10 + 6 - (-5 - -2).
-1
Calculate (63 - 87) + (21 - -8).
5
Calculate (-8 - -11) + -17 + 3.
-11
-1 - (-4 + -12 - (-11 - -12))
16
What is the value of 3 + (-9 - ((-5 - -2) + (-7 - -16)))?
-12
What is -23 + (51 - 32) - 5?
-9
What is 1 - 4 - -3 - (6 - 5)?
-1
What is the value of (-19 - (22 - 59)) + 8 + -1?
25
What is the value of 3 + -5 + (9 - (-12 - -27))?
-8
Calculate (56 - 32) + (-10 - -2) + -1 + 0.
15
What is the value of -3 - (1 + -7) - 1 - 1 - -4?
5
What is 4 - (-14 - -2 - -12)?
4
(-77 - -69) + 18 + -1 + 2
11
What is the value of 2 + 29 + -15 + -41?
-25
What is 2 + -29 - (-7 - 7)?
-13
What is 11 + -4 + 4 + -1 + -7?
3
Calculate (13 - 4) + -3 + 11.
17
Evaluate 18 + -8 + 25 + -50.
-15
What is the value of 1 + -1 + (1 - 1) + -109 + 75?
-34
What is -2 + 16 + 1 + (-6 - -2)?
11
What is 12 - (41 - ((2 - (3 - 10)) + -9))?
-29
What is 0 + 10 - ((17 - 6) + -17 + 4)?
12
What is 12 + (-30 - (-9 - 4) - -8)?
3
7 - (-11 + 8 + 23)
-13
Evaluate 72 + -52 - (5 + -10).
25
What is 2 - (-9 + -6 - (-6 - 0)) - 7?
4
Calculate (-48 + 16 - -22) + 33.
23
Evaluate 29 + (-25 - -32) + -11.
25
What is the value of (6 - 15) + (30 - 6) - (-14 - -2)?
27
What is 13 - 0 - (-3 - (5 + -8))?
13
What is (-15 - -4) + 6 + (-4 - (-20 - -10))?
1
What is the value of 760 + -748 - (3 - (2 - (3 + 1)))?
7
Evaluate 20 + -8 + -5 + 7 + (-2 - 1).
11
4 + -1 - (26 + -11)
-12
What is the value of 9 - (9 - 42) - 35?
7
Calculate ((2 - 10) + 6 - -9 - 4) + -8.
-5
20 + -9 + (-2 - (-5 + 2))
12
Calculate 62 + -48 + (0 - -14).
28
What is the value of 3 - ((-4 + 5 - 18) + 10)?
10
What is the value of 0 - (-4 + 7 + -1) - 3?
-5
What is 17 - (12 + (-9 - -7)) - 11?
-4
What is the value of 13 - (28 + (-31 - -3))?
13
4 - (1 + (0 - (-7 + (4 - 1))))
-1
Evaluate ((13 - 4) + 0 + -1 - 33) + 6.
-19
What is (3 - (17 - 18)) + (-17 - -1)?
-12
What is the value of 166 - 137 - (21 + -2)?
10
What is the value of (0 - -3) + -3 - -11 - (-293 - -286)?
18
Calculate -30 + 29 + 15 - 4.
10
What is -14 - 3 - (-238 - -224)?
-3
Calculate 215 - 200 - (17 + 2).
-4
Evaluate -42 - (-40 - -16) - -34.
16
What is the value of 27 + -30 + 5 + (0 - -8)?
10
What is the value of -18 + -3 + 34 + -4?
9
What is (-2 - (-7 + 4 + 2)) + 3 + 4?
6
Calculate (0 + -9 - (-5 + -2)) + 16.
14
What is the value of 2 - (-3 - (-8 + (11 - -2)))?
10
Calculate (2 - (-4 - 1)) + -1 - (-2 + 4).
4
Calculate 7 + -1 + 13 + -31.
-12
Calculate 28 + (13 + (-6 - -2 - 8) - 4).
25
(17 - (22 + -21)) + (1 - (-1 - -8))
10
Calculate -39 - (-13 - -10) - (-4 + 3 + -2).
-33
What is the value of -37 - (-19 - (19 - 21 - (9 - 2)))?
-27
Calculate -11 + -1 - ((-1 - 3) + (3 - 5)).
-6
Evaluate -242 + 237 - (14 + -2).
-17
-8 - ((-20 - -11) + -5) - 1 - -19
24
What is the value of (-3 + 2 - -17) + -2?
14
What is the value of 5 + -2 + 3 + (5 - 4)?
7
What is -16 + 13 - (-12 - (8 - 15))?
2
What is 23 + -30 + -2 + -3 + -5 + 10?
-7
Calculate 25 + -2 + -35 + 24.
12
What is 16 + -10 - ((44 - 26) + (-6 - 1))?
-5
What is (0 - -1) + (5 + (-11 - -11) - 7)?
-1
What is 8 + (-7 - (-4 + 14))?
-9
0 + 2 + 23 + -18 - (-1 - 0)
8
-29 + 2 - (-8 - (-2 - 5))
-26
What is 3 - (9 - (2 - -8) - (-1 - -1))?
4
Calculate 0 + 9 + -2 + 5 + -1.
11
Evaluate (-12 - -11) + 0 + -1 + 4.
2
What is 11 - (-14 + 5 - -13)?
7
What is -9 + (-7 + -8 - -3)?
-21
What is the value of -12 + (19 - (-10 + 11)) - 26?
-20
What is 8 + (1 - 0 - 7) + -12 + 7?
-3
Evaluate 3 + (8 + -14 + 1 - (-2 - 1)).
1
Evaluate 34 + (22 - 76) + 23.
3
4 + -5 + 2 - 3 - (100 - 108)
6
Calculate 2 - (-9 - (12 - 20)) - (9 + -1).
-5
What is the value of -28 + (-13 - (-13 + -11 + 5))?
-22
Evaluate (0 - 10) + 41 + -28.
3
Evaluate (13 - (-42 - -15)) + -30.
10
Calculate -3 + (-32 + 39 - (0 + 0)).
4
Evaluate -5 - (0 + 1 + (-20 - (-22 + -1))).
-9
Evaluate -14 + 1 + 20 + -9.
-2
Calculate 10 + (12 - (-12 - (12 - 21))).
25
What is -5 - (-3 + (-1 - -2) - 4)?
1
What is the value of 21 - (1 + (8 + 2 - 10))?
20
What is (34 - (-26 - -52)) + 1 + 9?
18
Evaluate 0 + (8 - 1) + (-1 - 14).
-8
What is the value of 8 - -27 - -32 - 30?
37
Evaluate (-10 - (-11 - (14 + -17))) + (-2 - -16).
12
What is (2 - 7 - -3) + 9 + (11 - 8)?
10
Evaluate ((23 - 6) + 0 - 16) + -17.
-16
What is the value of 8 - (-7 + (10 + -7 - (-4 - 20)))?
-12
What is (8 - (17 + 3 + 2 + -7)) + -3?
-10
Calculate -2 + 11 + (5 + -6 + 4 - -2).
14
Evaluate -3 + -8 - ((-14 - -11) + 14).
-22
(7 - 41) + (-4 - -65)
27
What is the value of (-14 - 7) + (-37 - -47)?
-11
What is -54 + 30 - (-22 - -4)?
-6
What is the value of -14 + (21 - (7 - 1))?
1
29 + -48 + 16 + (0 - 8)
-11
Evaluate -3 + 10 + 0 + -1 + -2 + -1.
3
What is -18 + 12 - (25 + -19)?
-12
What is (5 - -12) + -28 + 7?
-4
What is the value of -73 - -54 - (-1 + -11)?
-7
Calculate 562 + -569 + 0 + 1 + -2.
-8
Evaluate 13 + -1 - (448 - 436).
0
Evaluate 6 + (17 - 10) - (0 - (-1 - -4)).
16
Evaluate -5 + (133 - 136) + (-2 - (-2 - -1)).
-9
What is the value of 5 + -1 + -11 + -7 + 9?
-5
What is the value of 5 + -10 - (3 - 0) - (8 - 23)?
7
Evaluate -24 - -22 - 12 - (2 - 1).
-15
7 - (11 - (10 + 1))
7
What is the value of 5 + (-23 - -15) - -4?
1
What is (5 - -2) + (-33 - (17 - 34)) + 11?
2
Evaluate 0 - (-25 - (6 - 26)).
5
Evaluate 1 + (-9 + 18 - (-1 - 3 - -8)).
6
Evaluate 26 + -1 + (0 - 4) + 3 + -2.
22
-1 + -1 + -1 - 2 - (-8 - -2)
1
(13 + (8 - 10) - 28) + 7
-10
10 - (2 - -6) - -16
18
Calculate (1 - 9) + (2 - 2) + (4 - -42).
38
What is (-4 - 4 - (-3 + 6)) + 8?
-3
Evaluate 28 - (-15 - (-43 + 5)).
5
Calculate 21 - (-23 + 36) - (-2 + 3 - -15).
-8
Calculate 9 + -9 + -2 - (-6 - -3 - 28).
29
Evaluate (-6 - 3 - 2) + 11.
0
Calculate -2 - -3 - (-23 - -25).
-1
What is (2 + -6 - -2) + (-8 + 9 - -17)?
16
1 + -1 + (7 - -10) + -7
10
((15 + -6 - -6) + -5 - -2) + -7
5
Calculate 3 + -1 + (-21 - -22) - (-2 + -2).
7
What is 24 + 4 - (-50 - -35 - (-21 + 1))?
23
What is the value of -7 + 7 + 1 + (31 - 42)?
-10
173 + -162 + 2 + 3
16
Calculate 9 + -33 + 16 - 11.
-19
What is (355 - 365 - (0 - 21)) + -38?
-27
Calculate (69 - 69) + 5 + (8 - 2).
11
(6 - 1) + (-8 - (-19 + 10)) - 3
3
-7 - (33 + -10 - 0 - 4 - 9)
-17
What is the value of (-35 + -2 - -59) + (-5 - -1)?
18
Calculate (-11 - -1) + -17 - -7 - (1 + -12).
-9
Evaluate -10 - (-25 - 10) - 19.
6
(0 - 2) + 13 + -10 + (-3 - -8)
6
What is 3 + -37 - (4 - 16)?
-22
What is the value of -10 - (-14 + -14 + 5)?
13
-11 - (-17 - (-4 - -2))
4
Evaluate (8 - (4 - 6 - 1)) + (221 - 251).
-19
Evaluate (-14 - (-3 + -3)) + 8.
0
Evaluate -19 - (-20 - (-22 + 7)) - (0 + 2).
-16
13 - (-2 + (-22 - -31))
6
What is (-2 - -7) + (9 - -3)?
17
0 + 12 + -2 + -10 + (0 - 2)
-2
What is the value of 11 + (1 - (-4 - -2 - -4)) - 2?
8
What is the value of -183 + 184 - ((-3 - -3) + -5 + 2)?
4
-5 + -14 + 2 + -5 + 11
-11
What is (-4 - 4 - ((1 - 8) + 6)) + -15?
-22
(2 - -1) + (-2 - -5) - 17
-11
Evaluate 4 + (-1 + -1 - (-2 - -3)) + 2.
3
6 - ((-2 - -6 - -1) + 9 + 5)
-13
Evaluate 10 - (3 - (7 + 4 + 2 + -12)).
8
Calculate (-3 - 16) + (6 + -3 + 6 - 6).
-16
What is 19 + (-17 - -13) + -14?
1
Evaluate 2 + -19 + (9 - -8).
0
Evaluate 11 - (33 + -2 + (-2 - -4)).
-22
What is the value of 20 + 6 + -15 + -11 - -24?
24
What is -8 - (9 + (-18 - -4))?
-3
Evaluate 8 + (22 - (18 + -4)).
16
-83 - -79 - (3 - (4 - -8))
5
What is the value of (281 - 260) + -15 + -1?
5
-12 - -42 - 12 - (9 + -8)
17
What is (4 - 8 - (8 - (11 - 4))) + 42?
37
Calculate 0 - (3 + -2 - -6) - -1 - 0.
-6
What is 1 - (-9 + -15 + 21)?
4
What is the value of 1 - (-10 - (3 - (-5 + 7 - 1)))?
13
What is the value of (18 - -12) + -21 - 27?
-18
What is -3 + (122 - 141) + (1 - 0) + 3?
-18
What is -8 + (-1 - 0 - (-31 - -26 - -3))?
-7
Calculate (-28 - -14 - -10) + (-1 - (-20 + -2)).
17
3 + (0 - 14) - (-63 + 59) - 8
-15
What is (0 + 1 - (-6 - -10)) + -8?
-11
Calculate 3 - 8 - -19 - 6 - 13.
-5
What is (0 - -17 - 3) + -10?
4
2 + -14 + (58 - 42)
4
What is 23 + (-15 + 26 + -20 - (-7 - -4))?
17
Evaluate 10 - ((-3 - 6) + 7).
12
(0 - -1 - (6 + -1)) + (105 - 96)
5
Calculate -11 + ((-1 - (-9 + 1)) + -1 - 3).
-8
Evaluate (-15 - (-14 + 7)) + (-11 - 1).
-20
What is 114 - 104 - (1 + (8 - 4))?
5
-1 - (-4 - (9 + 2 - 2 